{"id":13460,"date":"2024-07-12T11:20:28","date_gmt":"2024-07-12T09:20:28","guid":{"rendered":"https:\/\/bildton.tv\/shop\/?post_type=product&#038;p=13460"},"modified":"2025-02-04T15:29:12","modified_gmt":"2025-02-04T14:29:12","slug":"lake-people-phone-amp-g107","status":"publish","type":"product","link":"https:\/\/bildton.tv\/shop\/verkauf\/audio\/lake-people-phone-amp-g107\/","title":{"rendered":"Lake People PHONE-AMP G107"},"content":{"rendered":"<p><strong>Allgemeine Informationen<\/strong><\/p>\n<p>Das G107 wurde mit dem Ziel entwickelt, eine hohe \u00dcbertragungsqualit\u00e4t f\u00fcr nieder-, mittel- und hochohmige Kopfh\u00f6rer zu erm\u00f6glichen. Dar\u00fcber hinaus bietet es einige \u201ePro\u201c-Features wie einen symmetrischen Kommandoeingang, der auch auf Mikrofonbetrieb umschaltbar ist, mehrere umschaltbare Kopfh\u00f6rerausg\u00e4nge und einen Balanceregler.<\/p>\n<p>Dank seines speziellen, variablen, rausch- und verzerrungsfreien Schaltungsdesigns, das gezielt auf dynamische Kopfh\u00f6rer optimiert ist, wird das G107 selbst h\u00f6chsten Anspr\u00fcchen gerecht.<\/p>\n<p><strong>LOW-NOISE (-101 dBu A-wtd) <\/strong><em>wegen der geringen internen Verst\u00e4rkung. Daher ist das Eigenrauschen des Verst\u00e4rkers nicht h\u00f6rbar.<\/em><\/p>\n<p><strong>HIGH OUTPUT VOLTAGE (aprox. 18 V eff into 600 Ohms load) <\/strong><em>durch 60 Volt interne Betriebsspannung.<\/em><br \/>\n<em>Daher bestens geeignet f\u00fcr Kopfh\u00f6rer mit hoher Impedanz. \u00dcber 90% aller Kopfh\u00f6rerverst\u00e4rker am Markt bieten nicht einmal die H\u00e4lfte dieser Spannung!!<\/em><\/p>\n<p><strong>HIGH OUTPUT POWER (approx 1200 mW into 50 Ohms load) <\/strong><em>wegen der leistungsstarken Verst\u00e4rker, die viel mehr Strom liefern k\u00f6nnen, als ein Kopfh\u00f6rer ben\u00f6tigt. Daher am besten geeignet f\u00fcr Kopfh\u00f6rer mit niedriger Impedanz und sogar magnetostatische Kopfh\u00f6rer!!<\/em><\/p>\n<p><strong>HIGH DAMPING FACTOR ( &gt;250 relative to a 50 ohms load) <\/strong><em>durch niedrigste Ausgangsimpedanz. Daher bestens geeignet f\u00fcr volle Kontrolle auch \u00fcber kritische Kopfh\u00f6rer <\/em><em>mit der Garantie eines m\u00f6glichst flachen Frequenzgangs.<\/em><\/p>\n<p>&nbsp;<\/p>\n<p><strong>FUNKTIONEN:<\/strong><\/p>\n<p>&#8211; 2 x (L\/R) Symmetrische Eing\u00e4nge mit vergoldeten Neutrik XLR-Anschl\u00fcssen<br \/>\n&#8211; 1 x Symmetrischer Befehlseingang, umschaltbar auf Mikrofonempfindlichkeit<br \/>\n&#8211; PRE-GAIN = umschaltbare Eingangsverst\u00e4rkung in drei Stufen<br \/>\n&#8211; ALPS RK14 Lautst\u00e4rke- und Balanceregler<br \/>\n&#8211; Hochwertige Operationsverst\u00e4rker im Signalpfad<br \/>\n&#8211; Hochwertige MKP-Kondensatoren im Signalpfad<br \/>\n&#8211; 0,1 und 1 % Metallschichtwiderst\u00e4nde im gesamten Ger\u00e4t<br \/>\n&#8211; Diskret aufgebaute Endstufe mit 4 Transistoren pro Kanal<br \/>\n&#8211; 1 multifunktionaler versilberter Neutrik-Kopfh\u00f6rerausgang<br \/>\n&#8211; 2 mono-umschaltbare versilberte Neutrik-Kopfh\u00f6rerausg\u00e4nge<br \/>\n&#8211; Gro\u00dfe Filterkondensatoren im Netzteil<br \/>\n&#8211; Umschaltbarer Ground Lift<br \/>\n&#8211; Aluminiumgeh\u00e4use, schwarz eloxiert<br \/>\n&#8211; Aluminiumfrontplatte, schwarz eloxiert, silberner Siebdruck<br \/>\n&#8211; Abmessungen: 168 x 49 x 145 mm (B x H x T)<\/p>\n","protected":false},"excerpt":{"rendered":"<p>Allgemeine Informationen Das G107 wurde mit dem Ziel entwickelt, eine hohe \u00dcbertragungsqualit\u00e4t f\u00fcr nieder-, mittel- und hochohmige Kopfh\u00f6rer zu erm\u00f6glichen.<\/p>\n","protected":false},"featured_media":13462,"template":"","meta":[],"product_brand":[],"product_cat":[1069],"product_tag":[1093,1094],"class_list":{"0":"post-13460","1":"product","2":"type-product","3":"status-publish","4":"has-post-thumbnail","6":"product_cat-audio","7":"product_tag-kompakter-studiokopfhoererverstaerker","8":"product_tag-studiokopfhoererverstaerker","10":"first","11":"outofstock","12":"sale","13":"taxable","14":"shipping-taxable","15":"purchasable","16":"product-type-simple"},"_links":{"self":[{"href":"https:\/\/bildton.tv\/shop\/wp-json\/wp\/v2\/product\/13460","targetHints":{"allow":["GET"]}}],"collection":[{"href":"https:\/\/bildton.tv\/shop\/wp-json\/wp\/v2\/product"}],"about":[{"href":"https:\/\/bildton.tv\/shop\/wp-json\/wp\/v2\/types\/product"}],"version-history":[{"count":1,"href":"https:\/\/bildton.tv\/shop\/wp-json\/wp\/v2\/product\/13460\/revisions"}],"predecessor-version":[{"id":13463,"href":"https:\/\/bildton.tv\/shop\/wp-json\/wp\/v2\/product\/13460\/revisions\/13463"}],"wp:featuredmedia":[{"embeddable":true,"href":"https:\/\/bildton.tv\/shop\/wp-json\/wp\/v2\/media\/13462"}],"wp:attachment":[{"href":"https:\/\/bildton.tv\/shop\/wp-json\/wp\/v2\/media?parent=13460"}],"wp:term":[{"taxonomy":"product_brand","embeddable":true,"href":"https:\/\/bildton.tv\/shop\/wp-json\/wp\/v2\/product_brand?post=13460"},{"taxonomy":"product_cat","embeddable":true,"href":"https:\/\/bildton.tv\/shop\/wp-json\/wp\/v2\/product_cat?post=13460"},{"taxonomy":"product_tag","embeddable":true,"href":"https:\/\/bildton.tv\/shop\/wp-json\/wp\/v2\/product_tag?post=13460"}],"curies":[{"name":"wp","href":"https:\/\/api.w.org\/{rel}","templated":true}]}}