{"id":13479,"date":"2024-07-17T12:04:35","date_gmt":"2024-07-17T10:04:35","guid":{"rendered":"https:\/\/bildton.tv\/shop\/?post_type=product&#038;p=13479"},"modified":"2026-02-24T11:48:30","modified_gmt":"2026-02-24T10:48:30","slug":"anton-bauer-lp2-ladegeraet","status":"publish","type":"product","link":"https:\/\/bildton.tv\/shop\/verkauf\/camera-more\/anton-bauer-lp2-ladegeraet\/","title":{"rendered":"Anton Bauer LP2 Ladeger\u00e4t"},"content":{"rendered":"<p>Das LP2 Dual V-Mount-Ladeger\u00e4t erkennt automatisch, welcher Akku die st\u00e4rkste Ladung hat, und priorisiert diesen, sodass immer in k\u00fcrzester Zeit ein vollst\u00e4ndig geladener Akku verf\u00fcgbar ist. Die Software \u00fcberwacht st\u00e4ndig den Ladevorgang und die Entladekurven, um sicherzustellen, dass jeder Akku mit maximaler Leistung geladen wird. Wi-Fi-f\u00e4hig f\u00fcr einfaches Flottenmanagement und damit eine ideale L\u00f6sung f\u00fcr Mietanlagen, ENG\/EFP\/OB-Fahrzeuge und Depots f\u00fcr Rundfunkausr\u00fcstung.<\/p>\n","protected":false},"excerpt":{"rendered":"<p>Priorit\u00e4tsbasierter Low Profile V-Mount-Ladeger\u00e4t, erm\u00f6glicht das gleichzeitigem Laden von AKKUS<\/p>\n","protected":false},"featured_media":13481,"template":"","meta":[],"product_brand":[],"product_cat":[1067,1068],"product_tag":[813,1103,185,275,202],"class_list":{"0":"post-13479","1":"product","2":"type-product","3":"status-publish","4":"has-post-thumbnail","6":"product_cat-camera-more","7":"product_cat-lighting-support","8":"product_tag-anton-bauer","9":"product_tag-dual-charger","10":"product_tag-ladegeraet","11":"product_tag-licht-akku","12":"product_tag-v-mount","14":"first","15":"outofstock","16":"taxable","17":"shipping-taxable","18":"purchasable","19":"product-type-simple"},"_links":{"self":[{"href":"https:\/\/bildton.tv\/shop\/wp-json\/wp\/v2\/product\/13479","targetHints":{"allow":["GET"]}}],"collection":[{"href":"https:\/\/bildton.tv\/shop\/wp-json\/wp\/v2\/product"}],"about":[{"href":"https:\/\/bildton.tv\/shop\/wp-json\/wp\/v2\/types\/product"}],"version-history":[{"count":1,"href":"https:\/\/bildton.tv\/shop\/wp-json\/wp\/v2\/product\/13479\/revisions"}],"predecessor-version":[{"id":13482,"href":"https:\/\/bildton.tv\/shop\/wp-json\/wp\/v2\/product\/13479\/revisions\/13482"}],"wp:featuredmedia":[{"embeddable":true,"href":"https:\/\/bildton.tv\/shop\/wp-json\/wp\/v2\/media\/13481"}],"wp:attachment":[{"href":"https:\/\/bildton.tv\/shop\/wp-json\/wp\/v2\/media?parent=13479"}],"wp:term":[{"taxonomy":"product_brand","embeddable":true,"href":"https:\/\/bildton.tv\/shop\/wp-json\/wp\/v2\/product_brand?post=13479"},{"taxonomy":"product_cat","embeddable":true,"href":"https:\/\/bildton.tv\/shop\/wp-json\/wp\/v2\/product_cat?post=13479"},{"taxonomy":"product_tag","embeddable":true,"href":"https:\/\/bildton.tv\/shop\/wp-json\/wp\/v2\/product_tag?post=13479"}],"curies":[{"name":"wp","href":"https:\/\/api.w.org\/{rel}","templated":true}]}}